 are the prime factors of k?
47
Suppose 11*k - 4*k = 3192. What are the prime factors of k?
2, 3, 19
Let f(z) = 92*z**2 + 11*z - 40. What are the prime factors of f(3)?
821
Suppose 1770 = y + 5*u, 9*u - 8*u = -3*y + 5338. List the prime factors of y.
2, 5, 89
Let d(o) = 2*o - 24. Let x be d(13). Suppose 5*a = -3*f + 35, -4*a = -x*f - 3*f + 9. Let v = 5 + f. What are the prime factors of v?
2, 5
Suppose -50*c + 55*c = 3090. List the prime factors of c.
2, 3, 103
Let c = 24 - -29. Let s = 85 - c. Let v = s + 2. List the prime factors of v.
2, 17
Suppose -6*m + 9451 = 157. What are the prime factors of m?
1549
Suppose -3*m - 5*x + 8768 = 0, -5*m = 5*x - 7966 - 6644. List the prime factors of m.
23, 127
Let f(o) = -o**3 + 4*o**2 - 4*o - 7. Let z be f(5). What are the prime factors of 0 + (-6)/(-15) + z/(-20)?
3
Let f = -4 + 13. Suppose -3 = 2*j - f. List the prime factors of j.
3
List the prime factors of -3 + -1 - (89*-10 + -6).
2, 223
Suppose -3*z - z + 8 = 0, z = 2*p - 12. Suppose -2 = -p*k + 6*k. What are the prime factors of 12*(-8*k)/(-4)?
2, 3
Let u(x) = -3*x - 3. Let t be u(12). Let b = 25 - t. List the prime factors of b.
2
What are the prime factors of -4 + -2 - -3 - -378?
3, 5
Let n be -6*(1/12 + (-6)/8). Suppose s - 4*p = 132, -5 = -2*s + n*p + 267. List the prime factors of s.
2, 5, 7
Suppose 2*u = -u. Suppose u*v - 4*v = -2*c + 138, v - 312 = -5*c. What are the prime factors of c?
3, 7
Let d = -79 - -179. Suppose 252 + d = 8*s. What are the prime factors of s?
2, 11
Let o = 234 - 219. List the prime factors of o.
3, 5
Suppose 95*o - 19980 = 89*o. What are the prime factors of o?
2, 3, 5, 37
Let w(x) = -11 + 2*x**2 + x**3 - 1 - 2 + 3*x + 10*x**2. Let y be w(-11). Suppose 2*d - 4*k - y = 0, 3*d + 4*k - 30 = 31. List the prime factors of d.
3
List the prime factors of (-2*3)/((-12)/1902*1).
3, 317
List the prime factors of (-314)/(-2669) + ((-73470)/(-34) - -1).
2, 23, 47
Let o be -1 + 1*(-4 - 3). Let c be (6/(-3) - 1) + o. Let d = 25 + c. List the prime factors of d.
2, 7
Suppose 0 = -5*h + a + 525, 18*h - 23*h = 3*a - 545. What are the prime factors of h?
2, 53
List the prime factors of ((-32)/(-112)*-7)/((-4)/2866).
1433
Let x = 760 - 489. What are the prime factors of x?
271
Suppose -4*u - 4*m - 16 = 32, -84 = 5*u - 3*m. What are the prime factors of (8/5)/((-1)/u)?
2, 3
Suppose 5*p = 24 + 131. Suppose -3*b + 5*q + 33 = b, -3*b + p = -5*q. What are the prime factors of b?
2
Let k(f) = -6*f + 4*f + 3*f. Let s be k(0). Suppose -m + 0*m + 7 = s. List the prime factors of m.
7
Let c be (-56)/(-32) - (-2)/8. List the prime factors of 59 + 4 + -10 + c.
5, 11
Suppose 5*l = i + 21, l - 2*l - 1 = 5*i. Suppose -r = -3*o + 32 - 2, -4*o = l*r - 56. What are the prime factors of o?
11
Let x = 96 - -263. List the prime factors of x.
359
Suppose -1 + 4 = -3*f. Let r be (-8*1)/(-3 - f). Suppose -3*h - 2*h = -r*p + 61, -2*p = -3*h - 31. What are the prime factors of p?
2, 7
Let f = -8 - -150. List the prime factors of 6/((0 - f/(-68)) + -2).
2, 17
Suppose 3*n = 2*x + 824, x = 3*x - 10. Suppose 3*q = -2*h + 6*q + n, 540 = 4*h - 2*q. What are the prime factors of h?
7, 19
Let b = 24 - 31. Let j = -29 + 59. Let l = b + j. What are the prime factors of l?
23
Let r be (-9)/21 - 129/(-7). Suppose 0 = x - 4*s + 2 - r, -4*x + 2*s = -120. List the prime factors of x.
2
Suppose 24*k = -8*k + 52896. What are the prime factors of k?
3, 19, 29
Suppose -28*k + 24*k + 2072 = 0. List the prime factors of k.
2, 7, 37
What are the prime factors of 2*(-30)/(-12) + 532?
3, 179
Let u(w) = -w**3 + 9*w**2 - 2*w + 18. Let i be u(10). Let g = -73 - i. Suppose -84 = -g*n + 27*n. List the prime factors of n.
2, 3, 7
Let m(k) be the third derivative of k**5/30 - k**4/6 - 19*k**3/3 + 17*k**2 + 2*k. What are the prime factors of m(13)?
2, 31
Let x(f) = -37*f + 47. What are the prime factors of x(-7)?
2, 3, 17
Let f = 291 + -146. Let q = f - 64. List the prime factors of q.
3
Suppose -34*u + 23*u = -6611. List the prime factors of u.
601
Suppose -5*s + 19938 = -3*j, -3*j + 41562 = 7*s + 13620. What are the prime factors of s?
2, 3, 5, 7, 19
Let r = 43 + 433. List the prime factors of r.
2, 7, 17
Suppose -4*y - 368 = 2*d, 5*d = -9 - 11. Let c be y*((-24)/(-20))/(-3). Suppose 3*r + 2*j = 61, -3*r + 113 = -2*j + c. List the prime factors of r.
23
Let g(a) be the third derivative of a**6/120 - a**5/30 + a**3/2 - 11*a**2. What are the prime factors of g(2)?
3
Let d(h) = h**3 - 16*h**2 + 8*h + 6. Let t be d(15). Let v be 3/(-5) - (-1332)/(-30). Let f = v - t. What are the prime factors of f?
2, 3
Let f = 19 - 27. Let i = f - -4. List the prime factors of ((-6)/i)/(9/84).
2, 7
Let a = 236 - 70. Suppose -a + 12 = -2*p. What are the prime factors of p?
7, 11
Let i = -388 - -822. What are the prime factors of i?
2, 7, 31
Let j = 43 + -53. What are the prime factors of (-4)/j - 2298/(-30)?
7, 11
Let x be 0 - 3*(-3)/(-9). Let s = 8 + x. Let y(o) = 7*o - 1. What are the prime factors of y(s)?
2, 3
Let x(p) = p**3 + 3*p**2 - 3*p + 7. Let m be x(-5). List the prime factors of 3/(36/m)*-18.
2, 3, 7
Let i = 108 - 104. What are the prime factors of ((-218)/(-8))/(1/i)?
109
What are the prime factors of 11/(((-9)/(-5) - 2)/(-9))?
3, 5, 11
What are the prime factors of 3311*((-236)/28 + 9)?
2, 11, 43
Let k(r) = 4 - 3 - r - r**2 + 145*r**3 + 0*r**2 - 146*r**3. List the prime factors of k(-3).
2, 11
Suppose -5*u = -y - 320, 192 = u + 2*u - 2*y. Let p = u + 8. What are the prime factors of p?
2, 3
Suppose 0*r + 4*r + 4 = 0, 2*r = t - 39. Suppose -47 = -4*l + t. What are the prime factors of l?
3, 7
Let o(m) = 10*m + 20. Suppose -5*k = 3*x - 20, -k + 4 = -5*x - 28. List the prime factors of o(k).
2, 3, 5
Let i be (-1 + -1)/((-3)/(1 - -2)). Suppose i*j + 3*u - 189 = 0, -4 = 5*u + 1. What are the prime factors of j?
2, 3
Suppose -65 = -u + 21. List the prime factors of u.
2, 43
Suppose -2*p = -7*p - 55. Let t = 42 + p. List the prime factors of t.
31
Let h(d) = d**3 + 8*d**2 - 10*d + 11. Let y be h(-9). Suppose -4*q = -y, 5*k - 110 = -5*q + q. List the prime factors of k/(-30) - (-616)/10.
61
Let x = 2205 - 2218. Let l(j) = j**2 - 2. Let a be l(5). Let i = a + x. What are the prime factors of i?
2, 5
Let s = 95 - -99. Let p = 398 - s. What are the prime factors of p?
2, 3, 17
Let s = 2350 + -666. What are the prime factors of s?
2, 421
List the prime factors of (2 + 81)*(-9)/36*-4.
83
Suppose -4*b + 2227 + 753 = 0. What are the prime factors of b?
5, 149
List the prime factors of ((-508)/(-10))/(287/35 - 8).
2, 127
What are the prime factors of 448/(-64) - (-4071 - -1)?
17, 239
Suppose 5*r = -4*g + 155, 4*r + 4*g = 2*g + 124. Suppose -5*m + 3 = -22, 3*m - r = -4*w. List the prime factors of w.
2
Suppose p - q = 29, p + q + 2*q - 21 = 0. Let s be 3 - (10 + 1 + (5 - 2)). Let x = p + s. What are the prime factors of x?
2
Let j(o) = 71*o**3 - 3*o**2 - 4*o. Let d be j(-1). What are the prime factors of d/(-4) + (-2)/4?
17
Let g be 6/(-9)*(-285)/(-10). Let y = -17 - g. Suppose -y*t = -t - 11. List the prime factors of t.
11
Let q be (142/(-6))/(1/(-21)). Let f = q + -226. What are the prime factors of f?
271
Suppose -25 + 5 = -4*k, -5*u = 3*k - 45. Let m(j) = -u*j**3 + 3*j**2 - 6*j**2 + 2 + 7*j**3 - 4*j**2. What are the prime factors of m(7)?
2
Let w(k) = 43*k**3 - 1. Let v be w(1). Let t = -28 + v. List the prime factors of t.
2, 7
Let l be (-4)/10 - (-22)/55. Let r = -14 - l. List the prime factors of (r/(-3))/((-6)/(-9)).
7
Let q be (-26)/(-10) + 2/5. Let w(f) = 33*f**3 - 63*f**3 - 1 + 7 + 32*f**3 - 14*f**2 + 15*f**2 + f. What are the prime factors of w(q)?
2, 3
Let g(d) be the first derivative of d**4/4 + 3*d**3 - 15*d**2/2 - 14*d - 9. What are the prime factors of g(-10)?
2, 3
Suppose 3*u - 3 = 6*u. Let q be u/((-9)/(-12) - 1). Suppose q*s = s + 99. What are the prime factors of s?
3, 11
List the prime factors of 1/(122143/15267 - 8).
3, 727
Let v = 374 - 194. What are the prime factors of v?
2, 3, 5
Suppose -3*c + 7 + 1 = -l, -l - 2*c + 7 = 0. List the prime factors of (88/(-12) + 7)/(l/(-42)).
2, 7
Let j be (-35)/((-15)/3) - 2. List the prime factors of ((-4)/j)/((-12)/60).
2
Suppose -s = s. Suppose -32 = -a - s*a. List the prime factors of a.
2
Let z be -1*43/2*10. Let w = z + 135. List the prime f